s divided by 13?
11
Let g(z) = 3*z - 3. Suppose 10*q - 7 - 3 = 0. What is the remainder when g(3) is divided by q?
0
Let u be ((-4)/8)/(4/(-88)). Suppose l + u = w, 3*l = 4*l - 4. Calculate the remainder when 74 is divided by w.
14
Let b be 5/(50/(-24))*35. Let v = b + 147. What is the remainder when v is divided by 34?
29
Let b = 637 - 309. What is the remainder when b is divided by 83?
79
Let u = -42 - -45. Suppose 4*v - 17 = -u*t, 0 = t - 3*v + v - 19. Suppose -3*r + 11 = -1. Calculate the remainder when t is divided by r.
3
Let b(r) = -r - 1. Let c be b(1). Let j = c - -27. What is the remainder when j is divided by 1/(2/(14/1))?
4
Suppose -5*o - 5 = 5*d, -4*d + 0*d = 5*o + 3. Let p = d - 0. What is the remainder when 64 is divided by (p/(-4))/((-19)/(-646))?
13
Suppose 4*j = 4 + 4. Let p(k) = 3*k**3 - k**2. Let f be p(j). What is the remainder when 85 is divided by 585/f - 2/8?
27
Let z = -8 + 23. What is the remainder when 219 is divided by z?
9
Let s(k) = -k**3 + 6*k**2 - 8*k + 6. Suppose 10*r + 37 = 267. Calculate the remainder when r is divided by s(4).
5
Let t(s) = 3*s + 32. Let j = -13 - -23. Calculate the remainder when t(2) is divided by j.
8
Suppose 2*r - 234 = -r. Let g be -4*(0 + (-33)/12). Let y(l) = l**3 - 12*l**2 + 12*l + 9. Calculate the remainder when r is divided by y(g).
18
Suppose q = -0*c + 3*c + 14, 0 = 4*q + 5*c - 5. Let n = 48 - q. Calculate the remainder when 169 is divided by n.
40
Let s = -6 + 6. Suppose s = -2*y + 4*y - 16. Suppose -b - 4*c + 3 = 0, 4*b - 2 = -2*c + 10. What is the remainder when y is divided by b?
2
Let s be (-3)/(-6) + (-871)/(-2). Let v = -234 + s. Let u = v - 126. What is the remainder when u is divided by 20?
16
Suppose 53*l - 1110 = 16*l. What is the remainder when 88 is divided by l?
28
Suppose -5*l + 0*l = -305. Suppose -7*o = -10*o + 66. Calculate the remainder when l is divided by o.
17
Let z = 211 + 12. Let v = z + -143. Suppose 4*r = 12*r - v. What is the remainder when 19 is divided by r?
9
Suppose 23*i = 15*i + 152. Calculate the remainder when 54 is divided by i.
16
Let o = -384 - -391. Calculate the remainder when o is divided by 2.
1
Let j = -2 - -4. Suppose j*c + 0*c = 32. Let u = -199 + 229. What is the remainder when u is divided by c?
14
Let a(v) = 5*v**3 - 3*v**2 + 3*v - 1. Let u be a(2). Suppose -u*m + 170 = -28*m. Calculate the remainder when m is divided by 12.
10
Let o = 643 - 622. Calculate the remainder when 334 is divided by o.
19
Let a(f) = -2*f - 11. Let u(n) = n - 2. Let k be u(-3). Let t be a(k). Calculate the remainder when 64 is divided by t/(1/(-37)) - 4.
31
Let h(v) = -9*v + 19*v - 10*v + 107 - 4*v. What is the remainder when h(0) is divided by 12?
11
Let j = 928 - 880. Calculate the remainder when j is divided by 10.
8
Suppose -5*w + 0*w = -j + 32, -200 = -4*j - 4*w. Calculate the remainder when 136 is divided by j.
42
Let w = 474 + -310. What is the remainder when w is divided by 15?
14
Suppose 0 = -7*d + 9*d - 44. Suppose z + 36 = 5*y, -3*y = -3*z + 2*z - d. Calculate the remainder when 31 is divided by y.
3
Suppose 0 = 14*o - 201 - 9. Calculate the remainder when 355 is divided by o.
10
Suppose 4 = 2*y - 2. Suppose y*v + 2 = 17. Suppose 0 = -v*w - 5 + 55. Calculate the remainder when w is divided by 4.
2
Let c = -512 + 530. What is the remainder when 56 is divided by c?
2
Let f(u) = -2*u**3 - 12*u**2 - u + 14. What is the remainder when 299 is divided by f(-6)?
19
Let t = -416 + 457. Calculate the remainder when 444 is divided by t.
34
Suppose 3*d = 40 - 157. Suppose -4*m + 356 - 72 = 0. Let j = m + d. What is the remainder when j is divided by 17?
15
Let c(z) = -z**2 - 6*z - 2. Let i be c(-6). Suppose 2*y - 6 = l, -l + 4*l - 22 = -2*y. What is the remainder when i/13 - 1710/(-130) is divided by l?
1
Suppose -56*p = -54*p - 1868. What is the remainder when p is divided by 72?
70
Let x(g) be the third derivative of -6*g**2 + 0 + 0*g + 1/120*g**6 - 1/6*g**4 - 1/3*g**3 - 1/60*g**5. What is the remainder when x(3) is divided by 1?
0
Suppose -714 = -20*c - 214. What is the remainder when 401 is divided by c?
1
Let a(w) = 3*w - 6. Let b = 8 - 4. Calculate the remainder when (-14 - (-4 - 4)) + 58/2 is divided by a(b).
5
Let p be 2/(-13) - (-2390)/(-13). Let i = -66 - p. Let c = i + -38. What is the remainder when c is divided by 27?
26
Suppose -12*n = 14*n - 208. Let a(w) = 19*w**3 + 2*w - 1. Let l be a(2). Suppose -3*z + l = 2*z. Calculate the remainder when z is divided by n.
7
Suppose -2*q + 3*p = -0*q - 33, 5*q - 78 = 3*p. What is the remainder when q/45 - (-400)/6 is divided by (9 - -8)*2/1?
33
Let y be (-1)/((52/(-96))/13). What is the remainder when -3*(-4)/y*-1*-146 is divided by 19?
16
Suppose -3*x - 2*h = -42, -3*h - 15 + 57 = 3*x. What is the remainder when x is divided by 3?
2
Suppose 7 = -3*o + 67. Suppose n - o = 4*i, 5*n = -4*i + 5*i + 100. What is the remainder when n is divided by (-8)/10*610/(-61)?
4
Let m(i) = -i**3 + 14*i**2 - 12*i - 11. Let f be m(13). Suppose -3 = -f*r + 35. Suppose -r = -5*t + 11. What is the remainder when 23 is divided by t?
5
Suppose -f - 3 = 0, q = -3*q - f + 609. Calculate the remainder when q is divided by 43.
24
Suppose 4 = -4*c, c - 2 = -4*q + 17. Suppose -2*d - 1 = 4*z + q, 21 = 3*d - 4*z. Suppose 4*f - 67 = d*f. What is the remainder when f is divided by 17?
16
Let u(z) = 2*z**2 + z + 78. What is the remainder when u(-10) is divided by 15?
13
Let n = 29 - 28. Suppose -5*q = -19 - n. Suppose o = -q*o + 75. What is the remainder when 28 is divided by o?
13
Let d = -2 + 8. Suppose 0 = d*n - 0*n - 306. Calculate the remainder when n is divided by 14.
9
Suppose 14*f = 38*f - 1176. What is the remainder when 140 is divided by f?
42
Let w be (-3)/(-2)*4/3. Suppose 17*o + 44 = 3*i + 12*o, -4*o = -8. What is the remainder when ((-32)/10)/(w/(-20)) is divided by i?
14
Let q = 299 - 73. What is the remainder when q is divided by 7?
2
Let l(y) = 33*y - 259. What is the remainder when 187 is divided by l(9)?
35
Let k = 150 + -12. Suppose -2*l + k = 84. Calculate the remainder when 106 is divided by l.
25
Calculate the remainder when 12/10*90/3*6 is divided by 75.
66
Let r = 119 + -52. What is the remainder when r is divided by 24?
19
Let a = 21 - 19. Suppose -4*o = -12, v - 2*v = -a*o. What is the remainder when ((-4)/(-2))/(4/32) is divided by v?
4
Let v = 1787 + -1761. Calculate the remainder when 103 is divided by v.
25
Let w = 1547 - 1207. What is the remainder when w is divided by 85?
0
Suppose -c = -0 + 4, 0 = -2*k - 2*c. What is the remainder when 169 is divided by k?
1
Let c(a) = -a + 15. Let v be c(-15). Let f = v + -20. Suppose 0 = -5*y - m + 48, 2*y - 5*m + f = 4*y. Calculate the remainder when 38 is divided by y.
8
Let i(l) = -l + 9. Let d be i(7). Suppose x = 2*x + j - 5, 0 = -d*x + j + 13. What is the remainder when (-1 + 1/2)/((-3)/138) is divided by x?
5
Let h be (-5)/((-15)/12) + -2. Suppose -12 = -4*o + 4*f, 3*f - h*f = -o + 11. Suppose -4*a + 26 = -54. What is the remainder when a is divided by o?
6
Let v = -150 - -160. Suppose v*k - 7*k = 102. Calculate the remainder when 45/2*12/2 is divided by k.
33
Let a(m) = -m + 4. Let x be ((-66)/(-15))/((-20)/50). Let p(z) = -2*z**3 + z**2 - 4*z - 3. Calculate the remainder when p(-2) is divided by a(x).
10
What is the remainder when 628 is divided by ((-22)/(-12))/11 + 250/12?
19
Let o(v) be the first derivative of -4*v**2 - v - 1 + 5*v**2 - 4*v - 4*v**2. Calculate the remainder when o(-6) is divided by 11.
9
Suppose 9*y - 15*y + 660 = 0. What is the remainder when y is divided by 57?
53
Suppose -5*i + 93 = -2*c, 3*i + 2*c - 51 = -8. Calculate the remainder when 3/(-2)*260/(-6) is divided by i.
14
Suppose t = 2*w - 161, -15*w - 4*t - 98 = -16*w. What is the remainder when w is divided by 57?
21
Let q(i) = 20*i - 76. What is the remainder when 118 is divided by q(5)?
22
Let u be ((-1)/(2 - 1))/((-3)/(-219)). Let g = -61 - u. Calculate the remainder when 20 is divided by g.
8
Suppose -2*d + 3*s + 0*s = 0, -2*d + 12 = 3*s. Suppose -4*k + 26 = -2. What is the remainder when k is divided by d?
1
Suppose -18*l = -12*l - 78. Calculate the remainder when l is divided by 10.
3
Let q(o) = -o + 1. Let v(p) = 1. Let g(i) = -q(i) + 4*v(i). Let t be g(4). Calculate the rema